{"id":3009,"date":"2025-05-27T09:59:25","date_gmt":"2025-05-27T13:59:25","guid":{"rendered":"https:\/\/w3.cndc.bo\/?page_id=3009"},"modified":"2025-11-10T14:23:00","modified_gmt":"2025-11-10T18:23:00","slug":"noticias-de-la-operacion","status":"publish","type":"page","link":"https:\/\/w3.cndc.bo\/index.php\/noticias-de-la-operacion\/","title":{"rendered":"Noticias de la Operaci\u00f3n"},"content":{"rendered":"<p>[et_pb_section fb_built=\u00bb1&#8243; admin_label=\u00bbHeader\u00bb _builder_version=\u00bb4.27.4&#8243; _module_preset=\u00bbdefault\u00bb custom_margin=\u00bb||350px||false|false\u00bb custom_padding=\u00bb||4px|||\u00bb collapsed=\u00bbon\u00bb global_colors_info=\u00bb{}\u00bb][et_pb_row _builder_version=\u00bb4.27.4&#8243; _module_preset=\u00bbdefault\u00bb border_color_all=\u00bb#00bfff\u00bb border_width_left=\u00bb15px\u00bb border_color_left=\u00bb#0C71C3&#8243; global_colors_info=\u00bb{}\u00bb][et_pb_column type=\u00bb4_4&#8243; _builder_version=\u00bb4.20.0&#8243; _module_preset=\u00bbdefault\u00bb global_colors_info=\u00bb{}\u00bb][et_pb_text _builder_version=\u00bb4.27.4&#8243; _module_preset=\u00bb30a91b57-b9fa-4bf7-9b72-c1f71e93525a\u00bb custom_margin=\u00bb|||25px|false|false\u00bb global_colors_info=\u00bb{}\u00bb]<\/p>\n<h2>NOTICIAS DE LA OPERACI\u00d3N DEL SISTEMA<\/h2>\n<p>[\/et_pb_text][\/et_pb_column][\/et_pb_row][et_pb_row _builder_version=\u00bb4.27.4&#8243; _module_preset=\u00bbdefault\u00bb custom_margin=\u00bb-29px||||false|false\u00bb hover_enabled=\u00bb0&#8243; global_colors_info=\u00bb{}\u00bb min_height=\u00bb100%\u00bb height=\u00bb100%\u00bb max_height=\u00bb100%\u00bb sticky_enabled=\u00bb0&#8243;][et_pb_column type=\u00bb4_4&#8243; _builder_version=\u00bb4.27.4&#8243; _module_preset=\u00bbdefault\u00bb global_colors_info=\u00bb{}\u00bb][et_pb_code _builder_version=\u00bb4.27.4&#8243; _module_preset=\u00bbdefault\u00bb min_height=\u00bb100%\u00bb height=\u00bb100%\u00bb max_height=\u00bb100%\u00bb custom_margin=\u00bb||||false|false\u00bb hover_enabled=\u00bb0&#8243; global_colors_info=\u00bb{}\u00bb sticky_enabled=\u00bb0&#8243;]<\/p>\n<style><!-- [et_pb_line_break_holder] -->  \/* Evita que Divi recorte el iframe en secciones\/filas\/columnas\/code *\/<!-- [et_pb_line_break_holder] -->  .et_pb_section,<!-- [et_pb_line_break_holder] -->  .et_pb_row,<!-- [et_pb_line_break_holder] -->  .et_pb_column,<!-- [et_pb_line_break_holder] -->  .et_pb_code_inner { overflow: visible !important; }<!-- [et_pb_line_break_holder] --><!-- [et_pb_line_break_holder] -->  \/* A veces Divi impone min-height en columnas: anular *\/<!-- [et_pb_line_break_holder] -->  .et_pb_column { min-height: 0 !important; }<!-- [et_pb_line_break_holder] --><!-- [et_pb_line_break_holder] -->  \/* Contenedor e iframe *\/<!-- [et_pb_line_break_holder] -->  #cndc-embed-noticias, #cndc-embed-noticias iframe { width: 100%; }<!-- [et_pb_line_break_holder] -->  #cndc-embed-noticias iframe {<!-- [et_pb_line_break_holder] -->    display: block;<!-- [et_pb_line_break_holder] -->    border: 0;<!-- [et_pb_line_break_holder] -->    overflow: hidden;<!-- [et_pb_line_break_holder] -->    background: #f8fafc;<!-- [et_pb_line_break_holder] -->    \/* Altura inicial de seguridad; luego se ajusta por postMessage *\/<!-- [et_pb_line_break_holder] -->    height: 600px;<!-- [et_pb_line_break_holder] -->    min-height: 320px;<!-- [et_pb_line_break_holder] -->  }<!-- [et_pb_line_break_holder] --><\/style>\n<p><!-- [et_pb_line_break_holder] --><!-- [et_pb_line_break_holder] --><\/p>\n<div id=\"cndc-embed-noticias\"><\/div>\n<p><!-- [et_pb_line_break_holder] --><!-- [et_pb_line_break_holder] --><script><!-- [et_pb_line_break_holder] -->(function () {<!-- [et_pb_line_break_holder] -->  var mount = document.getElementById('cndc-embed-noticias');<!-- [et_pb_line_break_holder] -->  var src   = 'https:\/\/backend.cndc.bo\/api\/noticias_operacion.php';<!-- [et_pb_line_break_holder] -->  var ifr, lastH = 0, rAF;<!-- [et_pb_line_break_holder] --><!-- [et_pb_line_break_holder] -->  \/\/ Listener PRIMERO (evita carrera con la carga del iframe)<!-- [et_pb_line_break_holder] -->  window.addEventListener('message', function (e) {<!-- [et_pb_line_break_holder] -->    var d = e.data || {};<!-- [et_pb_line_break_holder] -->    if (!d || d.type !== 'cndc-dr-height' || typeof d.h !== 'number' || !ifr) return;<!-- [et_pb_line_break_holder] --><!-- [et_pb_line_break_holder] -->    var h = Math.max(320, Math.ceil(d.h + 8));   \/\/ peque\u00f1o margen<!-- [et_pb_line_break_holder] -->    if (Math.abs(h - lastH) < 5) return;         \/\/ umbral anti-parpadeo<!-- [et_pb_line_break_holder] -->    lastH = h;<!-- [et_pb_line_break_holder] --><!-- [et_pb_line_break_holder] -->    if (rAF) cancelAnimationFrame(rAF);<!-- [et_pb_line_break_holder] -->    rAF = requestAnimationFrame(function () {<!-- [et_pb_line_break_holder] -->      ifr.style.height = h + 'px';<!-- [et_pb_line_break_holder] -->    });<!-- [et_pb_line_break_holder] -->  }, false);<!-- [et_pb_line_break_holder] --><!-- [et_pb_line_break_holder] -->  \/\/ Crear el iframe cuando el listener ya est\u00e1 listo<!-- [et_pb_line_break_holder] -->  ifr = document.createElement('iframe');<!-- [et_pb_line_break_holder] -->  ifr.src = src;<!-- [et_pb_line_break_holder] -->  ifr.loading = 'eager'; \/\/ sin lazy en m\u00f3vil<!-- [et_pb_line_break_holder] -->  ifr.setAttribute('title', 'Noticias de la Operaci\u00f3n - CNDC');<!-- [et_pb_line_break_holder] -->  ifr.setAttribute('aria-label', 'Noticias de la Operaci\u00f3n - CNDC');<!-- [et_pb_line_break_holder] -->  mount.appendChild(ifr);<!-- [et_pb_line_break_holder] -->})();<!-- [et_pb_line_break_holder] --><\/script><!-- [et_pb_line_break_holder] -->[\/et_pb_code][\/et_pb_column][\/et_pb_row][\/et_pb_section]<\/p>\n","protected":false},"excerpt":{"rendered":"<p>NOTICIAS DE LA OPERACI\u00d3N DEL SISTEMA<\/p>\n","protected":false},"author":1,"featured_media":0,"parent":0,"menu_order":0,"comment_status":"closed","ping_status":"closed","template":"","meta":{"_et_pb_use_builder":"on","_et_pb_old_content":"","_et_gb_content_width":"","footnotes":""},"class_list":["post-3009","page","type-page","status-publish","hentry"],"_links":{"self":[{"href":"https:\/\/w3.cndc.bo\/index.php\/wp-json\/wp\/v2\/pages\/3009","targetHints":{"allow":["GET"]}}],"collection":[{"href":"https:\/\/w3.cndc.bo\/index.php\/wp-json\/wp\/v2\/pages"}],"about":[{"href":"https:\/\/w3.cndc.bo\/index.php\/wp-json\/wp\/v2\/types\/page"}],"author":[{"embeddable":true,"href":"https:\/\/w3.cndc.bo\/index.php\/wp-json\/wp\/v2\/users\/1"}],"replies":[{"embeddable":true,"href":"https:\/\/w3.cndc.bo\/index.php\/wp-json\/wp\/v2\/comments?post=3009"}],"version-history":[{"count":16,"href":"https:\/\/w3.cndc.bo\/index.php\/wp-json\/wp\/v2\/pages\/3009\/revisions"}],"predecessor-version":[{"id":5894,"href":"https:\/\/w3.cndc.bo\/index.php\/wp-json\/wp\/v2\/pages\/3009\/revisions\/5894"}],"wp:attachment":[{"href":"https:\/\/w3.cndc.bo\/index.php\/wp-json\/wp\/v2\/media?parent=3009"}],"curies":[{"name":"wp","href":"https:\/\/api.w.org\/{rel}","templated":true}]}}